{"id":12659,"date":"2018-05-25T09:49:25","date_gmt":"2018-05-25T08:49:25","guid":{"rendered":"http:\/\/freon-elagage.com\/professionnel\/?page_id=12659"},"modified":"2023-07-27T14:03:53","modified_gmt":"2023-07-27T13:03:53","slug":"la-pelle-23-metres","status":"publish","type":"page","link":"https:\/\/freon-elagage.com\/professionnel\/la-pelle-23-metres\/","title":{"rendered":"La pelle 23 m\u00e8tres"},"content":{"rendered":"<p><div class=\"fusion-fullwidth fullwidth-box fusion-builder-row-1 nonhundred-percent-fullwidth non-hundred-percent-height-scrolling\" style=\"--awb-background-position:left top;--awb-border-radius-top-left:0px;--awb-border-radius-top-right:0px;--awb-border-radius-bottom-right:0px;--awb-border-radius-bottom-left:0px;--awb-padding-top:20px;--awb-padding-bottom:10px;--awb-border-sizes-top:0px;--awb-border-sizes-bottom:0px;--awb-flex-wrap:wrap;\" ><div class=\"fusion-builder-row fusion-row\"><div class=\"fusion-layout-column fusion_builder_column fusion-builder-column-0 fusion_builder_column_1_1 1_1 fusion-one-full fusion-column-first fusion-column-last fusion-column-no-min-height\" style=\"--awb-bg-size:cover;--awb-margin-bottom:0px;\"><div class=\"fusion-column-wrapper fusion-flex-column-wrapper-legacy\"><div class=\"fusion-title title fusion-title-1 fusion-title-text fusion-title-size-one\"><h1 class=\"fusion-title-heading title-heading-left\" style=\"margin:0;\">La pelle 23 m\u00e8tres<\/h1><span class=\"awb-title-spacer\"><\/span><div class=\"title-sep-container\"><div class=\"title-sep sep-single sep-solid\" style=\"border-color:#e0dede;\"><\/div><\/div><\/div><div class=\"fusion-clearfix\"><\/div><\/div><\/div><\/div><\/div><div class=\"fusion-fullwidth fullwidth-box fusion-builder-row-2 nonhundred-percent-fullwidth non-hundred-percent-height-scrolling\" style=\"--awb-background-position:left top;--awb-border-radius-top-left:0px;--awb-border-radius-top-right:0px;--awb-border-radius-bottom-right:0px;--awb-border-radius-bottom-left:0px;--awb-padding-top:0px;--awb-padding-bottom:20px;--awb-border-sizes-top:0px;--awb-border-sizes-bottom:0px;--awb-flex-wrap:wrap;\" ><div class=\"fusion-builder-row fusion-row\"><div class=\"fusion-layout-column fusion_builder_column fusion-builder-column-1 fusion_builder_column_1_1 1_1 fusion-one-full fusion-column-first fusion-column-last\" style=\"--awb-bg-size:cover;\"><div class=\"fusion-column-wrapper fusion-flex-column-wrapper-legacy\"><div class=\"fusion-text fusion-text-1\"><p>Notre pelle <strong>DOOSAN DX300SLR<\/strong> avec son bras de 23 m\u00e8tres de long est un mod\u00e8le unique en son genre. Sp\u00e9cialement con\u00e7ue pour traiter la v\u00e9g\u00e9tation inaccessible dans les grands talus, elle est \u00e9galement \u00e9quip\u00e9e de chenilles en caoutchouc pour pouvoir se d\u00e9placer sur une route sans pour autant ab\u00eemer son rev\u00eatement.<\/p>\n<p>Polyvalente pour les travaux d\u2019abattage et de broyage, elle peut \u00eatre \u00e9quip\u00e9e d&#8217;une cisaille, d&#8217;un broyeur ou ou d&#8217;une grignoteuse de souche.<\/p>\n<\/div><div class=\"fusion-image-element fusion-image-align-center in-legacy-container\" style=\"text-align:center;--awb-bottom-shadow-color:rgba(0,0,0,0.4);--awb-caption-title-font-family:var(--h2_typography-font-family);--awb-caption-title-font-weight:var(--h2_typography-font-weight);--awb-caption-title-font-style:var(--h2_typography-font-style);--awb-caption-title-size:var(--h2_typography-font-size);--awb-caption-title-transform:var(--h2_typography-text-transform);--awb-caption-title-line-height:var(--h2_typography-line-height);--awb-caption-title-letter-spacing:var(--h2_typography-letter-spacing);\"><div class=\"imageframe-align-center\"><div class=\"awb-image-frame awb-image-frame-1 fusion-image-frame-bottomshadow image-frame-shadow-1\"><span class=\" fusion-imageframe imageframe-bottomshadow imageframe-1 element-bottomshadow hover-type-none\" id=\"frameimg\"><img decoding=\"async\" width=\"300\" height=\"200\" alt=\"pelle 23m\" title=\"pelle 23m\" src=\"http:\/\/s680111133.onlinehome.fr\/professionnel\/wp-content\/uploads\/2018\/07\/pelle-23m_Export-1-300x200.jpg\" class=\"img-responsive wp-image-12789\" srcset=\"https:\/\/freon-elagage.com\/wp-content\/uploads\/2018\/07\/pelle-23m_Export-1-200x133.jpg 200w, https:\/\/freon-elagage.com\/wp-content\/uploads\/2018\/07\/pelle-23m_Export-1.jpg 300w\" sizes=\"(max-width: 800px) 100vw, 300px\" \/><\/span><\/div><\/div><\/div><div class=\"fusion-clearfix\"><\/div><\/div><\/div><\/div><\/div><div class=\"fusion-fullwidth fullwidth-box fusion-builder-row-3 fusion-parallax-fixed nonhundred-percent-fullwidth hundred-percent-height hundred-percent-height-center-content non-hundred-percent-height-scrolling\" style=\"--awb-background-position:left top;--awb-border-radius-top-left:0px;--awb-border-radius-top-right:0px;--awb-border-radius-bottom-right:0px;--awb-border-radius-bottom-left:0px;--awb-padding-top:30px;--awb-padding-bottom:30px;--awb-background-image:url(&quot;http:\/\/s680111133.onlinehome.fr\/professionnel\/wp-content\/uploads\/2015\/10\/bgmat1.jpg&quot;);--awb-background-size:cover;--awb-flex-wrap:wrap;background-attachment:fixed;\" ><div class=\"fusion-fullwidth-center-content\"><div class=\"fusion-builder-row fusion-row\"><div class=\"fusion-layout-column fusion_builder_column fusion-builder-column-2 fusion_builder_column_1_1 1_1 fusion-one-full fusion-column-first fusion-column-last fusion-column-no-min-height\" style=\"--awb-bg-size:cover;--awb-margin-bottom:0px;\"><div class=\"fusion-column-wrapper fusion-flex-column-wrapper-legacy\"><div class=\"awb-gallery-wrapper awb-gallery-wrapper-1 button-span-no\"><div style=\"margin:-10px;--awb-bordersize:0px;\" class=\"fusion-gallery fusion-gallery-container fusion-grid-3 fusion-columns-total-6 fusion-gallery-layout-grid fusion-gallery-1\"><div style=\"padding:10px;\" class=\"fusion-grid-column fusion-gallery-column fusion-gallery-column-3 hover-type-none\"><div class=\"fusion-gallery-image\"><a href=\"https:\/\/freon-elagage.com\/wp-content\/uploads\/2018\/07\/Pelle_23m_1.jpg\" rel=\"noreferrer\" data-rel=\"iLightbox[gallery_image_1]\" class=\"fusion-lightbox\" target=\"_self\"><img decoding=\"async\" src=\"https:\/\/freon-elagage.com\/wp-content\/uploads\/2018\/07\/Pelle_23m_1.jpg\" width=\"1280\" height=\"960\" alt=\"Pelle 23 m\u00e8tres\" title=\"Pelle 23 m\u00e8tres\" aria-label=\"Pelle 23 m\u00e8tres\" class=\"img-responsive wp-image-12796\" srcset=\"https:\/\/freon-elagage.com\/wp-content\/uploads\/2018\/07\/Pelle_23m_1-200x150.jpg 200w, https:\/\/freon-elagage.com\/wp-content\/uploads\/2018\/07\/Pelle_23m_1-400x300.jpg 400w, https:\/\/freon-elagage.com\/wp-content\/uploads\/2018\/07\/Pelle_23m_1-600x450.jpg 600w, https:\/\/freon-elagage.com\/wp-content\/uploads\/2018\/07\/Pelle_23m_1-800x600.jpg 800w, https:\/\/freon-elagage.com\/wp-content\/uploads\/2018\/07\/Pelle_23m_1-1200x900.jpg 1200w, https:\/\/freon-elagage.com\/wp-content\/uploads\/2018\/07\/Pelle_23m_1.jpg 1280w\" sizes=\"(min-width: 2200px) 100vw, (min-width: 784px) 360px, (min-width: 712px) 540px, (min-width: 640px) 712px, \" \/><\/a><\/div><\/div><div style=\"padding:10px;\" class=\"fusion-grid-column fusion-gallery-column fusion-gallery-column-3 hover-type-none\"><div class=\"fusion-gallery-image\"><a href=\"https:\/\/freon-elagage.com\/wp-content\/uploads\/2018\/07\/Pelle_23m_2.jpg\" rel=\"noreferrer\" data-rel=\"iLightbox[gallery_image_1]\" class=\"fusion-lightbox\" target=\"_self\"><img decoding=\"async\" src=\"https:\/\/freon-elagage.com\/wp-content\/uploads\/2018\/07\/Pelle_23m_2.jpg\" width=\"1280\" height=\"960\" alt=\"Pelle 23 m\u00e8tres\" title=\"Pelle 23 m\u00e8tres\" aria-label=\"Pelle 23 m\u00e8tres\" class=\"img-responsive wp-image-12797\" srcset=\"https:\/\/freon-elagage.com\/wp-content\/uploads\/2018\/07\/Pelle_23m_2-200x150.jpg 200w, https:\/\/freon-elagage.com\/wp-content\/uploads\/2018\/07\/Pelle_23m_2-400x300.jpg 400w, https:\/\/freon-elagage.com\/wp-content\/uploads\/2018\/07\/Pelle_23m_2-600x450.jpg 600w, https:\/\/freon-elagage.com\/wp-content\/uploads\/2018\/07\/Pelle_23m_2-800x600.jpg 800w, https:\/\/freon-elagage.com\/wp-content\/uploads\/2018\/07\/Pelle_23m_2-1200x900.jpg 1200w, https:\/\/freon-elagage.com\/wp-content\/uploads\/2018\/07\/Pelle_23m_2.jpg 1280w\" sizes=\"(min-width: 2200px) 100vw, (min-width: 784px) 360px, (min-width: 712px) 540px, (min-width: 640px) 712px, \" \/><\/a><\/div><\/div><div style=\"padding:10px;\" class=\"fusion-grid-column fusion-gallery-column fusion-gallery-column-3 hover-type-none\"><div class=\"fusion-gallery-image\"><a href=\"https:\/\/freon-elagage.com\/wp-content\/uploads\/2018\/07\/Pelle_23m_4.jpg\" rel=\"noreferrer\" data-rel=\"iLightbox[gallery_image_1]\" class=\"fusion-lightbox\" target=\"_self\"><img decoding=\"async\" src=\"https:\/\/freon-elagage.com\/wp-content\/uploads\/2018\/07\/Pelle_23m_4.jpg\" width=\"1280\" height=\"960\" alt=\"Pelle 23 m\u00e8tres\" title=\"Pelle 23 m\u00e8tres\" aria-label=\"Pelle 23 m\u00e8tres\" class=\"img-responsive wp-image-12799\" srcset=\"https:\/\/freon-elagage.com\/wp-content\/uploads\/2018\/07\/Pelle_23m_4-200x150.jpg 200w, https:\/\/freon-elagage.com\/wp-content\/uploads\/2018\/07\/Pelle_23m_4-400x300.jpg 400w, https:\/\/freon-elagage.com\/wp-content\/uploads\/2018\/07\/Pelle_23m_4-600x450.jpg 600w, https:\/\/freon-elagage.com\/wp-content\/uploads\/2018\/07\/Pelle_23m_4-800x600.jpg 800w, https:\/\/freon-elagage.com\/wp-content\/uploads\/2018\/07\/Pelle_23m_4-1200x900.jpg 1200w, https:\/\/freon-elagage.com\/wp-content\/uploads\/2018\/07\/Pelle_23m_4.jpg 1280w\" sizes=\"(min-width: 2200px) 100vw, (min-width: 784px) 360px, (min-width: 712px) 540px, (min-width: 640px) 712px, \" \/><\/a><\/div><\/div><div class=\"clearfix\"><\/div><div style=\"padding:10px;\" class=\"fusion-grid-column fusion-gallery-column fusion-gallery-column-3 hover-type-none\"><div class=\"fusion-gallery-image\"><a href=\"https:\/\/freon-elagage.com\/wp-content\/uploads\/2018\/07\/Pelle_23m_3-1.jpg\" rel=\"noreferrer\" data-rel=\"iLightbox[gallery_image_1]\" class=\"fusion-lightbox\" target=\"_self\"><img decoding=\"async\" src=\"https:\/\/freon-elagage.com\/wp-content\/uploads\/2018\/07\/Pelle_23m_3-1.jpg\" width=\"960\" height=\"1280\" alt=\"Pelle 23 m\u00e8tres\" title=\"Pelle 23 m\u00e8tres\" aria-label=\"Pelle 23 m\u00e8tres\" class=\"img-responsive wp-image-12798\" srcset=\"https:\/\/freon-elagage.com\/wp-content\/uploads\/2018\/07\/Pelle_23m_3-1-200x267.jpg 200w, https:\/\/freon-elagage.com\/wp-content\/uploads\/2018\/07\/Pelle_23m_3-1-400x533.jpg 400w, https:\/\/freon-elagage.com\/wp-content\/uploads\/2018\/07\/Pelle_23m_3-1-600x800.jpg 600w, https:\/\/freon-elagage.com\/wp-content\/uploads\/2018\/07\/Pelle_23m_3-1-800x1067.jpg 800w, https:\/\/freon-elagage.com\/wp-content\/uploads\/2018\/07\/Pelle_23m_3-1.jpg 960w\" sizes=\"(min-width: 2200px) 100vw, (min-width: 784px) 360px, (min-width: 712px) 540px, (min-width: 640px) 712px, \" \/><\/a><\/div><\/div><div style=\"padding:10px;\" class=\"fusion-grid-column fusion-gallery-column fusion-gallery-column-3 hover-type-none\"><div class=\"fusion-gallery-image\"><a href=\"https:\/\/freon-elagage.com\/wp-content\/uploads\/2018\/07\/Pelle_23m_5.jpg\" rel=\"noreferrer\" data-rel=\"iLightbox[gallery_image_1]\" class=\"fusion-lightbox\" target=\"_self\"><img decoding=\"async\" src=\"https:\/\/freon-elagage.com\/wp-content\/uploads\/2018\/07\/Pelle_23m_5.jpg\" width=\"960\" height=\"1280\" alt=\"Pelle 23 m\u00e8tres\" title=\"Pelle 23 m\u00e8tres\" aria-label=\"Pelle 23 m\u00e8tres\" class=\"img-responsive wp-image-12800\" srcset=\"https:\/\/freon-elagage.com\/wp-content\/uploads\/2018\/07\/Pelle_23m_5-200x267.jpg 200w, https:\/\/freon-elagage.com\/wp-content\/uploads\/2018\/07\/Pelle_23m_5-400x533.jpg 400w, https:\/\/freon-elagage.com\/wp-content\/uploads\/2018\/07\/Pelle_23m_5-600x800.jpg 600w, https:\/\/freon-elagage.com\/wp-content\/uploads\/2018\/07\/Pelle_23m_5-800x1067.jpg 800w, https:\/\/freon-elagage.com\/wp-content\/uploads\/2018\/07\/Pelle_23m_5.jpg 960w\" sizes=\"(min-width: 2200px) 100vw, (min-width: 784px) 360px, (min-width: 712px) 540px, (min-width: 640px) 712px, \" \/><\/a><\/div><\/div><div style=\"padding:10px;\" class=\"fusion-grid-column fusion-gallery-column fusion-gallery-column-3 hover-type-none\"><div class=\"fusion-gallery-image\"><a href=\"https:\/\/freon-elagage.com\/wp-content\/uploads\/2018\/07\/Pelle_23m_6.jpg\" rel=\"noreferrer\" data-rel=\"iLightbox[gallery_image_1]\" class=\"fusion-lightbox\" target=\"_self\"><img decoding=\"async\" src=\"https:\/\/freon-elagage.com\/wp-content\/uploads\/2018\/07\/Pelle_23m_6.jpg\" width=\"960\" height=\"1280\" alt=\"Pelle 23 m\u00e8tres\" title=\"Pelle 23 m\u00e8tres\" aria-label=\"Pelle 23 m\u00e8tres\" class=\"img-responsive wp-image-12801\" srcset=\"https:\/\/freon-elagage.com\/wp-content\/uploads\/2018\/07\/Pelle_23m_6-200x267.jpg 200w, https:\/\/freon-elagage.com\/wp-content\/uploads\/2018\/07\/Pelle_23m_6-400x533.jpg 400w, https:\/\/freon-elagage.com\/wp-content\/uploads\/2018\/07\/Pelle_23m_6-600x800.jpg 600w, https:\/\/freon-elagage.com\/wp-content\/uploads\/2018\/07\/Pelle_23m_6-800x1067.jpg 800w, https:\/\/freon-elagage.com\/wp-content\/uploads\/2018\/07\/Pelle_23m_6.jpg 960w\" sizes=\"(min-width: 2200px) 100vw, (min-width: 784px) 360px, (min-width: 712px) 540px, (min-width: 640px) 712px, \" \/><\/a><\/div><\/div><div class=\"clearfix\"><\/div><\/div><\/div><div class=\"fusion-clearfix\"><\/div><\/div><\/div><\/div><\/div><\/div><div class=\"fusion-fullwidth fullwidth-box fusion-builder-row-4 nonhundred-percent-fullwidth non-hundred-percent-height-scrolling\" style=\"--awb-border-radius-top-left:0px;--awb-border-radius-top-right:0px;--awb-border-radius-bottom-right:0px;--awb-border-radius-bottom-left:0px;--awb-margin-top:20px;--awb-flex-wrap:wrap;\" ><div class=\"fusion-builder-row fusion-row\"><div class=\"fusion-layout-column fusion_builder_column fusion-builder-column-3 fusion_builder_column_1_1 1_1 fusion-one-full fusion-column-first fusion-column-last\" style=\"--awb-bg-size:cover;\"><div class=\"fusion-column-wrapper fusion-flex-column-wrapper-legacy\"><div class=\"fusion-aligncenter\"><a class=\"fusion-button button-flat button-medium button-custom fusion-button-default button-1 fusion-button-default-span \" style=\"--button_accent_color:#ffffff;--button_accent_hover_color:#ffffff;--button_border_hover_color:#ffffff;--button-border-radius-top-left:0;--button-border-radius-top-right:0;--button-border-radius-bottom-right:0;--button-border-radius-bottom-left:0;--button_gradient_top_color:#0a81c5;--button_gradient_bottom_color:#0a81c5;--button_gradient_top_color_hover:#fbaf33;--button_gradient_bottom_color_hover:#fbaf33;\" target=\"_self\" href=\"..\/le-parc-materiel\/\"><span class=\"fusion-button-text\">Retour<\/span><\/a><\/div><div class=\"fusion-clearfix\"><\/div><\/div><\/div><\/div><\/div><\/p>\n","protected":false},"excerpt":{"rendered":"","protected":false},"author":2,"featured_media":0,"parent":0,"menu_order":0,"comment_status":"closed","ping_status":"closed","template":"100-width.php","meta":{"footnotes":""},"yoast_head":"<!-- This site is optimized with the Yoast SEO plugin v22.4 - https:\/\/yoast.com\/wordpress\/plugins\/seo\/ -->\n<title>La pelle 23 metres s&#039;adapte \u00e0 tous types de terrain<\/title>\n<meta name=\"description\" content=\"Elle est sp\u00e9cialement con\u00e7ue pour traiter la v\u00e9g\u00e9tation inaccessible dans les grands talus, on y ajoute cisaille, broyeur ou grignoteuse.\" \/>\n<meta name=\"robots\" content=\"index, follow, max-snippet:-1, max-image-preview:large, max-video-preview:-1\" \/>\n<link rel=\"canonical\" href=\"https:\/\/freon-elagage.com\/professionnel\/la-pelle-23-metres\/\" \/>\n<meta property=\"og:locale\" content=\"fr_FR\" \/>\n<meta property=\"og:type\" content=\"article\" \/>\n<meta property=\"og:title\" content=\"La pelle 23 metres s&#039;adapte \u00e0 tous types de terrain\" \/>\n<meta property=\"og:description\" content=\"Elle est sp\u00e9cialement con\u00e7ue pour traiter la v\u00e9g\u00e9tation inaccessible dans les grands talus, on y ajoute cisaille, broyeur ou grignoteuse.\" \/>\n<meta property=\"og:url\" content=\"https:\/\/freon-elagage.com\/professionnel\/la-pelle-23-metres\/\" \/>\n<meta property=\"og:site_name\" content=\"JEAN FREON ELAGAGE\" \/>\n<meta property=\"article:publisher\" content=\"https:\/\/www.facebook.com\/jeanfreonelagage\/\" \/>\n<meta property=\"article:modified_time\" content=\"2023-07-27T13:03:53+00:00\" \/>\n<meta name=\"twitter:label1\" content=\"Dur\u00e9e de lecture estim\u00e9e\" \/>\n\t<meta name=\"twitter:data1\" content=\"5 minutes\" \/>\n<script type=\"application\/ld+json\" class=\"yoast-schema-graph\">{\"@context\":\"https:\/\/schema.org\",\"@graph\":[{\"@type\":\"WebPage\",\"@id\":\"https:\/\/freon-elagage.com\/professionnel\/la-pelle-23-metres\/\",\"url\":\"https:\/\/freon-elagage.com\/professionnel\/la-pelle-23-metres\/\",\"name\":\"La pelle 23 metres s'adapte \u00e0 tous types de terrain\",\"isPartOf\":{\"@id\":\"https:\/\/freon-elagage.com\/professionnel\/#website\"},\"datePublished\":\"2018-05-25T08:49:25+00:00\",\"dateModified\":\"2023-07-27T13:03:53+00:00\",\"description\":\"Elle est sp\u00e9cialement con\u00e7ue pour traiter la v\u00e9g\u00e9tation inaccessible dans les grands talus, on y ajoute cisaille, broyeur ou grignoteuse.\",\"breadcrumb\":{\"@id\":\"https:\/\/freon-elagage.com\/professionnel\/la-pelle-23-metres\/#breadcrumb\"},\"inLanguage\":\"fr-FR\",\"potentialAction\":[{\"@type\":\"ReadAction\",\"target\":[\"https:\/\/freon-elagage.com\/professionnel\/la-pelle-23-metres\/\"]}]},{\"@type\":\"BreadcrumbList\",\"@id\":\"https:\/\/freon-elagage.com\/professionnel\/la-pelle-23-metres\/#breadcrumb\",\"itemListElement\":[{\"@type\":\"ListItem\",\"position\":1,\"name\":\"Accueil\",\"item\":\"https:\/\/freon-elagage.com\/professionnel\/\"},{\"@type\":\"ListItem\",\"position\":2,\"name\":\"La pelle 23 m\u00e8tres\"}]},{\"@type\":\"WebSite\",\"@id\":\"https:\/\/freon-elagage.com\/professionnel\/#website\",\"url\":\"https:\/\/freon-elagage.com\/professionnel\/\",\"name\":\"JEAN FREON ELAGAGE\",\"description\":\"Elagage pour professionnels et particuliers\",\"potentialAction\":[{\"@type\":\"SearchAction\",\"target\":{\"@type\":\"EntryPoint\",\"urlTemplate\":\"https:\/\/freon-elagage.com\/professionnel\/?s={search_term_string}\"},\"query-input\":\"required name=search_term_string\"}],\"inLanguage\":\"fr-FR\"}]}<\/script>\n<!-- \/ Yoast SEO plugin. -->","yoast_head_json":{"title":"La pelle 23 metres s'adapte \u00e0 tous types de terrain","description":"Elle est sp\u00e9cialement con\u00e7ue pour traiter la v\u00e9g\u00e9tation inaccessible dans les grands talus, on y ajoute cisaille, broyeur ou grignoteuse.","robots":{"index":"index","follow":"follow","max-snippet":"max-snippet:-1","max-image-preview":"max-image-preview:large","max-video-preview":"max-video-preview:-1"},"canonical":"https:\/\/freon-elagage.com\/professionnel\/la-pelle-23-metres\/","og_locale":"fr_FR","og_type":"article","og_title":"La pelle 23 metres s'adapte \u00e0 tous types de terrain","og_description":"Elle est sp\u00e9cialement con\u00e7ue pour traiter la v\u00e9g\u00e9tation inaccessible dans les grands talus, on y ajoute cisaille, broyeur ou grignoteuse.","og_url":"https:\/\/freon-elagage.com\/professionnel\/la-pelle-23-metres\/","og_site_name":"JEAN FREON ELAGAGE","article_publisher":"https:\/\/www.facebook.com\/jeanfreonelagage\/","article_modified_time":"2023-07-27T13:03:53+00:00","twitter_misc":{"Dur\u00e9e de lecture estim\u00e9e":"5 minutes"},"schema":{"@context":"https:\/\/schema.org","@graph":[{"@type":"WebPage","@id":"https:\/\/freon-elagage.com\/professionnel\/la-pelle-23-metres\/","url":"https:\/\/freon-elagage.com\/professionnel\/la-pelle-23-metres\/","name":"La pelle 23 metres s'adapte \u00e0 tous types de terrain","isPartOf":{"@id":"https:\/\/freon-elagage.com\/professionnel\/#website"},"datePublished":"2018-05-25T08:49:25+00:00","dateModified":"2023-07-27T13:03:53+00:00","description":"Elle est sp\u00e9cialement con\u00e7ue pour traiter la v\u00e9g\u00e9tation inaccessible dans les grands talus, on y ajoute cisaille, broyeur ou grignoteuse.","breadcrumb":{"@id":"https:\/\/freon-elagage.com\/professionnel\/la-pelle-23-metres\/#breadcrumb"},"inLanguage":"fr-FR","potentialAction":[{"@type":"ReadAction","target":["https:\/\/freon-elagage.com\/professionnel\/la-pelle-23-metres\/"]}]},{"@type":"BreadcrumbList","@id":"https:\/\/freon-elagage.com\/professionnel\/la-pelle-23-metres\/#breadcrumb","itemListElement":[{"@type":"ListItem","position":1,"name":"Accueil","item":"https:\/\/freon-elagage.com\/professionnel\/"},{"@type":"ListItem","position":2,"name":"La pelle 23 m\u00e8tres"}]},{"@type":"WebSite","@id":"https:\/\/freon-elagage.com\/professionnel\/#website","url":"https:\/\/freon-elagage.com\/professionnel\/","name":"JEAN FREON ELAGAGE","description":"Elagage pour professionnels et particuliers","potentialAction":[{"@type":"SearchAction","target":{"@type":"EntryPoint","urlTemplate":"https:\/\/freon-elagage.com\/professionnel\/?s={search_term_string}"},"query-input":"required name=search_term_string"}],"inLanguage":"fr-FR"}]}},"_links":{"self":[{"href":"https:\/\/freon-elagage.com\/professionnel\/wp-json\/wp\/v2\/pages\/12659"}],"collection":[{"href":"https:\/\/freon-elagage.com\/professionnel\/wp-json\/wp\/v2\/pages"}],"about":[{"href":"https:\/\/freon-elagage.com\/professionnel\/wp-json\/wp\/v2\/types\/page"}],"author":[{"embeddable":true,"href":"https:\/\/freon-elagage.com\/professionnel\/wp-json\/wp\/v2\/users\/2"}],"replies":[{"embeddable":true,"href":"https:\/\/freon-elagage.com\/professionnel\/wp-json\/wp\/v2\/comments?post=12659"}],"version-history":[{"count":7,"href":"https:\/\/freon-elagage.com\/professionnel\/wp-json\/wp\/v2\/pages\/12659\/revisions"}],"predecessor-version":[{"id":14414,"href":"https:\/\/freon-elagage.com\/professionnel\/wp-json\/wp\/v2\/pages\/12659\/revisions\/14414"}],"wp:attachment":[{"href":"https:\/\/freon-elagage.com\/professionnel\/wp-json\/wp\/v2\/media?parent=12659"}],"curies":[{"name":"wp","href":"https:\/\/api.w.org\/{rel}","templated":true}]}}